 g. What is the tens digit of z?
7
Let p(w) be the first derivative of -w**4/4 + w**3 + 2*w**2 + w + 5. Let k be p(3). Suppose -5*z - 9 = d, 3*z + 18 + k = d. What is the units digit of d?
6
Suppose 5*s - s = -2*v + 534, -3*s + 433 = -5*v. What is the hundreds digit of s?
1
Suppose 5*y + 7*n + 45 = 2*n, 3*y = 3*n - 21. Let r = y - -10. Suppose -5*l = r - 37. What is the units digit of l?
7
Let n(t) = t**2 + 3*t - 5. What is the units digit of n(25)?
5
Let d(f) = f**2 + 42*f + 4. What is the tens digit of d(-43)?
4
Suppose -4*a + 4 = -3*a. Let i = a + -2. What is the units digit of i?
2
Let w be 0/(-7) - -1*7. Suppose -t + 11 = 4*x, -8 = 3*x - w*x. Suppose -24 = -f - 0*k + 2*k, -f + 25 = -t*k. What is the tens digit of f?
2
What is the units digit of (-1)/((-1863)/3714 - (-2)/4)?
9
Let v = -104 + -11. Let j = v - -127. What is the tens digit of j?
1
Suppose -12*b - 1160 = 616. Let d = 252 + b. What is the hundreds digit of d?
1
Suppose -5*x - m = -5457, 3*m - 1226 = -4*x + 3144. What is the hundreds digit of x?
0
Let s(b) = b**3 + 20. Suppose 3*x - 6 = p, 4*p - 10 = -5*x - 0. Let y be -1 + (-3)/(p + -3). What is the tens digit of s(y)?
2
Suppose -8*o + 798 - 206 = 0. What is the units digit of o?
4
Let j(w) = -4*w**3 + w**2 + w - 3. Let z be j(2). Let o = z + 107. What is the tens digit of o?
7
Let l = 2062 - 679. What is the thousands digit of l?
1
Suppose -4*i + 32 = -5*m, -2*i + 3*m - 25 = -3*i. Let g = i - -81. What is the units digit of g?
4
Suppose -7*k + 2*k + 10 = 0. Suppose -k*w = w + 5*h - 14, -w + 14 = -3*h. What is the units digit of w?
8
Suppose 0 = -3*g + 3 + 9. Suppose 0 = -4*w - g*w + 608. What is the tens digit of w?
7
Let y(p) = -7*p - 24. Let j be 2/((6/(-8))/3). What is the units digit of y(j)?
2
Suppose 3*x - 14*x = 0. Suppose 0 = 2*s - x*s - h - 373, 0 = -5*s + 3*h + 932. What is the hundreds digit of s?
1
Suppose -15*g = -10*g - 1685. Suppose -36 = -t + w + 32, -g = -5*t + 2*w. What is the tens digit of t?
6
Let x be 1 + 1/((-1)/3) + 9. Let q(s) = s**3 - 8*s**2 + 9*s - 3. What is the units digit of q(x)?
1
Let r(y) be the second derivative of 1/3*y**3 + 19/12*y**4 + 0 + y**2 + 3*y. What is the units digit of r(-1)?
9
Let i = -2198 - -4008. What is the thousands digit of i?
1
Let l be -2 - -2 - 6/(-6). Suppose 14 = -5*k - l, 0 = -3*t - k + 6. Suppose -t*y + 90 = j, -1 - 14 = 5*j. What is the units digit of y?
1
What is the tens digit of ((-1)/3)/(3/(-15804)*4)?
3
Suppose 5328 = 172*c - 166*c. What is the hundreds digit of c?
8
Suppose -3*y = 2*n - 5799, -7*y + 2*y - 2*n + 9665 = 0. What is the hundreds digit of y?
9
Suppose 5*k - 4*k + 5*c - 371 = 0, 2*c = -k + 377. What is the units digit of k?
1
Let o be 3/2*8/6. Suppose o*j = -j. Let r(l) = l + 26. What is the tens digit of r(j)?
2
Suppose -909 - 2486 = -5*q. What is the units digit of q?
9
Let d(i) = 89*i + 58. What is the tens digit of d(4)?
1
Suppose -13*f = -9*f - 12. Let q(b) = 2*b**3 - 2*b**2 - 3. What is the units digit of q(f)?
3
Suppose 5*r + 2*r = 8407. What is the hundreds digit of r?
2
Let l(o) = -354*o + 40. What is the hundreds digit of l(-9)?
2
Suppose 0 = -t - r + 48, 3*t + r + 5 = 157. Let k = t + -33. Let a = 73 - k. What is the units digit of a?
4
Let i be 178/3 + (-2)/6. Suppose 0 = a - 4*d - d + 18, -4*a - 5*d + 28 = 0. Suppose 3*t = -2*l + i, -5*l + a*t + 200 = -t. What is the tens digit of l?
3
Let d(n) = -2*n + 5. Suppose -6*c + 3*c = -18. Let f be d(c). Let z = 9 - f. What is the tens digit of z?
1
Let x be 20/(-30)*1*3. Let n be 1 - (-3 + 0/x). Suppose n*l - 105 = -l. What is the units digit of l?
1
Let y(x) = 37*x**2 + 27*x + 124. What is the thousands digit of y(-6)?
1
Suppose -3*r - 50 = -14. Let f be (-32)/r*(-9)/(-12). Suppose -z + 5*z = 5*p + 72, 0 = f*z + 4*p - 62. What is the units digit of z?
3
Let l = -86 + 891. What is the units digit of l?
5
Let n = 52 + -46. Suppose -n*g + 725 = 119. What is the units digit of g?
1
What is the tens digit of (486/(-3))/(-2*(-4 + 5))?
8
Suppose 4*l - 2*x - 382 = 0, 0*x + 193 = 2*l + x. Suppose 3*t = -t + l. Suppose 3*b = 54 + t. What is the units digit of b?
6
Let t = 3828 - 1123. What is the thousands digit of t?
2
Let w(x) = -3*x + 14 - 42*x**2 + 48*x**2 - 2*x**3 + 2*x + 6*x. What is the hundreds digit of w(-4)?
2
Let z be 0*-1*(-4 - -5). Suppose 2*l + 49 = 3*n - 359, -n + 4*l + 146 = z. What is the units digit of n?
4
Let i(w) = w**2 + w + 1. Let g be i(-2). What is the tens digit of (-171)/5*g/(6/(-10))?
7
Let l = 613 - 225. What is the hundreds digit of l?
3
Let v(d) = -26*d + 4. Let u(w) = -25*w + 3. Let h(m) = 5*u(m) - 4*v(m). What is the tens digit of h(-3)?
6
Let m = 8 - -11. Suppose b - 23 = m. What is the tens digit of b?
4
Let b = -2 - -5. Let l(m) = -12*m**2 - 2*m + 14 - 13*m**b + 12*m**3 + m. What is the tens digit of l(-12)?
2
Let b(l) = -l**3 + 5*l**2 + 4*l + 14. Suppose 18 = -y + 4*y. Let g be b(y). Suppose 3*m + 37 = g*n - 8, -48 = -2*n + 2*m. What is the tens digit of n?
2
Let a be (-72)/30*1400/(-6). Suppose -5*d = 5*u - 720, 24 = -4*u + 4*d + a. What is the tens digit of u?
3
Let t = 430 + -209. Suppose -5*z = -t - 64. What is the tens digit of z?
5
Let y = 4165 + -1423. What is the units digit of y?
2
Suppose 3*g - 5*g - 470 = 0. Let i = -64 - g. What is the hundreds digit of i?
1
Let c = 2 + -1. Suppose 2817 + 2007 = -4*t. What is the units digit of t/(-27) - c/(-3)?
5
Let z(q) = q**2 + 6*q - 16. Let p be z(-8). Suppose p = 4*j + j - 125. Suppose j = s - 0*s. What is the tens digit of s?
2
Let g(z) be the third derivative of 29*z**6/24 + z**5/30 - z**4/24 - z**3/6 + 6*z**2. What is the tens digit of g(1)?
4
What is the units digit of -4 + 17844/18 - (-1)/(-3)?
7
Let k = -7 - -13. Suppose -2*l + 2*r = -k, -3*l - 3*r = -5 + 2. Suppose -5*j = -3*j - 6, -l*z + 2*j = -12. What is the units digit of z?
9
Suppose -1200 - 825 = -15*v. Suppose -7*o = -4*o - v. What is the tens digit of o?
4
Suppose 31 = 9*m + 85. Let w(h) = -h**3 - 2*h**2 + 13*h + 12. What is the tens digit of w(m)?
7
Let b be ((-77)/(-7))/(2 - 1). Suppose 3*g + 2*v - 80 = -g, g = 4*v + b. What is the tens digit of g?
1
Suppose 3*c = 3*b - 3657, -3*b + 24*c = 22*c - 3660. What is the hundreds digit of b?
2
What is the thousands digit of ((-1126)/3)/(7/(-42)*1)?
2
Let m be 57/11 - 4/22. Suppose k - 1 = -m. What is the tens digit of 3*-12*k/6?
2
Let v = 23 - -7. Suppose -2*o - 200 = -4*n, -o = 2*n - 3*o - 100. Let w = n - v. What is the tens digit of w?
2
Suppose -4*w = c - 7*w - 100, 0 = -5*c + w + 458. What is the units digit of c?
1
Let h be (288/14)/((-15)/(-70)). Suppose 2*j + 4 = -3*q + 312, -q + j = -h. What is the hundreds digit of q?
1
Let n(j) = 3*j + 8. Let t be n(-2). Suppose -4*p - 38 = -t*y, 4*p = -3*y + 3*p + 36. What is the units digit of y?
3
Suppose 4*w + 30 = 10*w. Suppose 0 = -5*s - i + 94, 0*s = s + w*i - 14. What is the tens digit of s?
1
Suppose 5*k = -0*k. Suppose 4*n = -3*z + 105, n + z = -k*z + 26. What is the units digit of n?
7
Suppose 4*a + 3*o = 15, -o - 6 - 2 = -3*a. Let j(w) = -3*w + 6 + 2 + 2*w + 5*w - 10*w + 7*w**2. What is the units digit of j(a)?
3
Let x(f) = 10*f - 32. Let c be x(17). Suppose 0 = -3*y + 6*y + 4*d - c, 230 = 5*y - d. Suppose 0 = -3*t + 23 + y. What is the tens digit of t?
2
Suppose -p - 4*u = -7*u, -2*p = -u. Suppose -4*q + 359 = 2*c - q, 4*c - 5*q - 685 = p. What is the hundreds digit of c?
1
Suppose 0 = -16*z + 5362 + 27278. What is the hundreds digit of z?
0
Suppose 3*h = 3*q + 5748, 4*q + 6709 = 5*h - 2873. What is the tens digit of h?
1
Let f be (-5733)/36 - (-6)/(-8). Let d be ((-8)/(-20))/((-2)/f). Let b = 8 + d. What is the units digit of b?
0
What is the tens digit of ((-3)/4*2)/((-219)/60736)?
1
Suppose -2*w - 252 = 2*h - 86, 0 = w + 3*h + 81. What is the units digit of w/(-18)*63/6?
9
Suppose -2*k + 3*w - 307 = 19, -4 = -w. Let c = 242 + k. Suppose 2*z - 10 = 0, 0*g + 5*g - c = -z. What is the units digit of g?
6
Let b(p) = -173*p - 63. What is the tens digit of b(-8)?
2
What is the units digit of 43716/10 - (-5)/125*10?
2
Let z be (-1)/(-3)*(-33)/(-11). Let r be (z + 2 - 7) + 8. Suppose -3*v - 2*x - 3 = -r*v, 0 = 2*v - 2*x - 16. What is the units digit of v?
3
Let m(c) = -3*c + 34. Let k be m(-9). Suppose 16 = -k*h + 63*h. What is the units digit of h?
